 p?
5
Let c be 210/(-28)*(-1152)/10. Suppose -c = -2*q - 4*q. What is the units digit of 19692/q - (3/(-4))/3?
7
What is the units digit of (-14)/(-4)*(18/21)/((-33)/(-168212))?
2
What is the thousands digit of 44240 - (-14 - 1284/(-132) - (-3)/11)?
4
Let j = -7214 + 15009. What is the units digit of j?
5
Suppose 0 = -c, -4*c - 2 = -4*w + 6. What is the hundreds digit of (-89)/2*w/(-4)*12?
2
Let r(l) = 21214*l**3 + l**2 - 40*l + 39. What is the thousands digit of r(1)?
1
Let q(h) = h**3 + 18*h**2 - 11*h - 33. Let x be 135/20*8/(-3). What is the hundreds digit of q(x)?
1
Let i = -67 - -52. Let c(u) = 6*u + 21. Let x be c(i). Let t = x - -140. What is the tens digit of t?
7
Suppose -5*b = 5*f - 2800 - 5280, -b + 3*f + 1624 = 0. What is the hundreds digit of b?
6
Let x(g) = 8*g + 19. Let q be x(9). Let t = -105 + 62. Let m = q + t. What is the units digit of m?
8
Let j = -4 - -11. Suppose j*k - 17*k + 150 = 0. Suppose -k*r - 1043 = -22*r. What is the tens digit of r?
4
Let m(f) = -7*f**3 - 4*f**2 - 19*f - 27. Let s(w) = 8*w**3 + 4*w**2 + 20*w + 28. Let l(j) = 7*m(j) + 6*s(j). What is the hundreds digit of l(-13)?
6
Let d be 8/36 + 1/18*86. Suppose 0*w - 4*f = d*w - 3200, -10 = 2*f. What is the hundreds digit of w?
6
Let m(u) = 16*u**2 - 49*u + 30428. What is the hundreds digit of m(0)?
4
Suppose 0 = 2*p + l - 13209, 64*p + 2*l + 6592 = 65*p. What is the hundreds digit of p?
6
Suppose 580 = 4*f + 2*z, 3*z = -2*f + 5*z + 290. Suppose -s = 4*s - f. Suppose -34*h + s*h = -120. What is the tens digit of h?
2
Let t(m) = 53*m**2 + 396*m - 4462. What is the thousands digit of t(11)?
6
Let b = -52746 - -101230. Suppose -j = 33*j - b. What is the hundreds digit of j?
4
Let x(a) = 56*a - 2318. What is the hundreds digit of x(82)?
2
What is the thousands digit of (-2)/8 + (-8 - (-261320)/32)?
8
Let g(q) = q - 5. Let c be g(0). Let m(v) = -v**2 - 12*v - 9. Let l be m(c). Let j = l - 7. What is the units digit of j?
9
Let u be 0 + -2 + 2/1. Suppose -3*s - s - 8 = u. What is the tens digit of -1 + (1 - 0) + s + 37?
3
Suppose -2*d = 3*i + 17, 2*i + 3*d = 6*d - 20. Let r be 6/i*(5 + 51/(-6)). Suppose o = 5*t + 90, -o = -r*t - 29 - 51. What is the units digit of o?
5
Let y(z) = 31*z**2 - 625*z - 3. What is the hundreds digit of y(-11)?
6
Let j(h) = 359*h**2 + 4*h - 3. Let b be j(1). Suppose 0 = 5*x - 3*l - 405, 0 = -4*x + l + b - 29. What is the units digit of x/(-63) + 530/6?
7
Let n(m) = m**3 + 3*m**2 + m - 2. Let p be n(-2). Suppose z + 2*v = 6*v + 41, -2*z + 3*v + 97 = p. Suppose 398 = 5*d + z. What is the tens digit of d?
6
Let k = 34 - 13. Let j(m) = -m**3 + 20*m**2 + 20*m + 21. Let o be j(k). What is the tens digit of (o/(-4))/(-2) - (-96 + 2)?
9
Suppose 4*v - 2 = 6. What is the units digit of ((-5)/10)/(v - (-723)/(-360))?
0
Suppose -3 = i - b, -4*i + b - 17 = -4*b. Suppose i*f + 2*h - 2670 = 0, 0 = -5*f - 32*h + 29*h + 6667. What is the units digit of f?
1
Let f be -394*((-945)/(-70) - (3 + 1)). Let i = f + 5640. What is the thousands digit of i?
1
Suppose -4*r + 805 = -5*n, -401 + 1386 = 5*r - 2*n. What is the tens digit of (0 - -5)*6084/r?
5
What is the units digit of ((-13148)/5)/(196/(-490))?
4
Suppose 2*d - 32654 = -4*r, -7*r + 9*r - 16329 = -3*d. What is the units digit of r?
3
Suppose w = -2*w - 5*u + 5677, -3*u - 7521 = -4*w. What is the thousands digit of w?
1
Let v = 90 - 85. Suppose -v = -2*m - 4*k + 11, -4*k = 4*m - 16. Suppose m*x + x = 29. What is the units digit of x?
9
Suppose y - 4 = -3. Suppose -671 = -3*p + 4*g, -2*g + 3*g = y. What is the tens digit of (p/(-100))/((-1)/8)?
1
Let z = 1064 + -582. Let q = -168 - 160. Let k = q + z. What is the units digit of k?
4
Suppose 6*a - 13 = 2*a - w, 4 = -3*a + 2*w. Suppose -4*h - 1086 = -a*g + 2056, 4701 = 3*g - 2*h. What is the hundreds digit of g?
5
What is the units digit of ((-645207)/(-1996))/((-725)/364 + 2)?
1
Suppose 0 = -5*g - 4*g + 54. Suppose 2*l = 3*l + 4*c + 9, -3*l - c = -g. Suppose 4*t + 5*j - 72 = 44, 3*t - 87 = l*j. What is the units digit of t?
9
Suppose 8*b - 4*b = 796. Let g(d) = 8 - 11*d - b*d**3 - 3*d**2 + 198*d**3 + 16*d**2. What is the units digit of g(12)?
0
Suppose 0 = 38*m - 69*m + 440789. What is the units digit of m?
9
Suppose 0 = 3*j + 18*v - 21*v - 6, 0 = -2*j + v + 4. What is the units digit of ((-48)/(-30))/(j/1095)?
6
Suppose -82 = 16*z - 18. Suppose -5*n - 5*c = -4*c + 63, -3*n = 2*c + 42. What is the units digit of (-1)/(z/n) + 108?
5
Suppose 0 = 19*f + 36*f - 227370. What is the tens digit of f?
3
Suppose 168*q = 115*q + 321021. What is the thousands digit of q?
6
Let r(s) = -8*s**3 + 74*s**2 + 687*s - 2. What is the units digit of r(-11)?
3
Suppose -f - 6*g + g = -23, -f = 3*g - 15. Suppose 225 = f*j - 2*y - y, 0 = -5*j + 4*y + 374. What is the tens digit of j?
7
Let b be (10/15)/((-2)/(-9)). Suppose 0 = -b*s - 5*d + 25 + 79, -168 = -5*s - 3*d. Let j = s + -12. What is the units digit of j?
1
Let x(y) = -3*y**2 - 14*y - 4. Let o be x(-4). Let z be 2 - -1 - (o + 2 + 0). What is the units digit of 214*z*1/(-6)?
7
Let i be (909/12)/(1/((-24)/(-9))). Let j(k) = i - 62 + 3*k**2 - 4*k - 72 - 71. What is the units digit of j(4)?
9
Suppose 732118 + 66447 + 1594475 = 130*k. What is the ten thousands digit of k?
1
Let i(v) = -28*v + 115. Let g(d) = -56*d + 230. Let j(k) = 3*g(k) - 7*i(k). What is the units digit of j(18)?
9
Let x(w) = 5594*w - 2550. What is the hundreds digit of x(5)?
4
Let b = 2165 + -1324. Suppose -2*k = f - k - b, -4*f - 3*k + 3368 = 0. What is the units digit of f?
5
Suppose 3*i - 665 + 3080 = 0. Let p be (i + (-3 - -4))/(-2). Suppose 5*g - 1352 + p = -5*s, -4*s + 175 = g. What is the tens digit of g?
9
Let a be (-18)/5*(-110)/(-33). What is the thousands digit of (-177345)/(-147) + a/(-21)?
1
Suppose 7018*s - 1697 = 7017*s. What is the units digit of s?
7
Let i(x) = 2*x**2 - 5*x**2 + 12*x + 161*x**3 + 10 - 162*x**3. Let m be i(-7). Let q = m + -83. What is the tens digit of q?
3
Let g be -5*((-1383)/15 - -1). Suppose 7*r + g = 3*r. Let n = -30 - r. What is the tens digit of n?
8
Let m be 530 + ((-14)/63 - (-4)/18). Let p = m + 698. What is the units digit of p?
8
Let i = 3953 - -136. What is the thousands digit of i?
4
Suppose 0 = 4*s + 6 + 14, 4*h - 4*s = 32. Suppose -9*v + h*v = -1014. Suppose 0 = 2*m + 3*q - v, 2*q + 3*q = -5*m + 420. What is the tens digit of m?
8
Suppose 0 = -4*a + o + 60, 6*a - 5*a + 3*o = 28. Let m = a + -7. Suppose -10*x + 38 = -m*x. What is the tens digit of x?
3
Let m = 189 - 123. Let w = -64 + m. Suppose -w*b = -0*b - 68. What is the units digit of b?
4
Suppose -253*g + 19581867 = 76*g - 807579. What is the tens digit of g?
7
Let d(p) = 287*p**2 + 158*p - 162. What is the units digit of d(15)?
3
Let v(s) = 162*s + 5024. What is the hundreds digit of v(107)?
3
Suppose -k + 31 + 91 = 0. Let f = 1445 + -1500. Let w = f + k. What is the units digit of w?
7
Suppose 5201 = 4*u + 3*z, -4*u + 5221 = 206*z - 207*z. What is the hundreds digit of u?
3
Let r = -45 + 30. What is the tens digit of (-1474)/(-16) - r/(-120)?
9
Suppose -27910 = 8*m - 18*m. Suppose -m = -21*x + 254. What is the hundreds digit of x?
1
Let q = -10666 - -32252. What is the ten thousands digit of q?
2
Let s be (-44)/(-77) - (-62)/14. Let l(w) be the third derivative of w**5/60 + 5*w**4/24 + 2*w**3/3 - 7*w**2. What is the tens digit of l(s)?
5
Let b = 7912 + -5392. Suppose 38*r = 35*r + b. Suppose -2*n = n - r. What is the hundreds digit of n?
2
What is the thousands digit of (187 - -16)*(-3972)/(-28)?
8
Let j(b) = -3*b**3 - b**2 + 2*b + 3. Let f be j(0). Suppose -h - 5*r + 812 = -r, -r - f = 0. What is the units digit of h?
4
Let d be 6/2 + 1 + (2 - -575). Suppose -3*w + d = 170. Let f = -47 + w. What is the tens digit of f?
9
Suppose d - 38 = 3*w + 45, -110 = 4*w - d. Let m = -30 - w. What is the tens digit of -3*(-4 + 8/m)?
2
Let p be -9 + 10 - (-413 + -1). Let q = -7 + p. What is the hundreds digit of q?
4
Let h = 64 - 59. Suppose -h + 40 = -7*l. What is the units digit of 4/l*(351/(-6) + 6)?
2
Suppose -3*k = -2*k + 2, 0 = -2*v + 4*k + 4654. Let a = v + -902. What is the units digit of a?
1
Suppose -3*k = -k - 2*l - 944, 3*k = -4*l + 1444. Suppose -97*n + 96*n + k = 0. Let s = 712 - n. What is the hundreds digit of s?
2
What is the thousands digit of